{"id":9798,"date":"2024-03-01T09:04:56","date_gmt":"2024-03-01T09:04:56","guid":{"rendered":"https:\/\/hostalsesnegres.com\/aviso-legal\/"},"modified":"2025-03-14T10:23:19","modified_gmt":"2025-03-14T10:23:19","slug":"aviso-legal","status":"publish","type":"page","link":"https:\/\/hostalsesnegres.com\/es\/aviso-legal\/","title":{"rendered":"Aviso legal"},"content":{"rendered":"\n<div class=\"wp-block-group\"><div class=\"wp-block-group__inner-container is-layout-constrained wp-block-group-is-layout-constrained\">\n<h6 class=\"wp-block-heading has-text-color has-link-color wp-elements-b9c13f60b028d0b04113a45655a8be27\" style=\"color:#7aacac\">Aviso Legal<\/h6>\n\n\n\n<div class=\"wp-block-group\"><div class=\"wp-block-group__inner-container is-layout-constrained wp-block-group-is-layout-constrained\">\n<p>Responsable del tratamiento de los datos: <strong class=\"\">HOSTAL SES NEGRES S.L.<\/strong><br><strong>Finalidad del tratamiento<\/strong>: Gesti\u00f3n comercial y administrativa de los servicios, reservas o de la informaci\u00f3n solicitada.<br><strong>Legitimaci\u00f3n del tratamiento<\/strong>: Consentimiento del interesado para facilitar los datos. Relaci\u00f3n contractual Hotel-Cliente.<br><strong>Destinatarios<\/strong>: Los datos que nos facilite ser\u00e1n incorporados a nuestra base de datos y no ser\u00e1n cedidos a terceros.<br><strong>Derechos:<\/strong> Acceder, rectificar y suprimir sus datos, as\u00ed como los dem\u00e1s derechos previstos por la normativa vigente.<br>Puede ejercer sus derechos en el siguiente enlace: <a href=\"https:\/\/www.aepd.es\/derechos-y-deberes\/ejerce-tus-derechos\" title=\"\"><strong>Ejerce tus Derechos<\/strong>.<\/a><br>Si desea m\u00e1s informaci\u00f3n, consulte nuestra <strong>Pol\u00edtica de Privacidad<\/strong> y nuestra <strong>Pol\u00edtica de Cookies<\/strong><br>Reclamaciones ante la Autoridad de protecci\u00f3n de datos: puede dirigir las reclamaciones derivadas del tratamiento de sus datos de car\u00e1cter personal en la Agencia Espa\u00f1ola de Protecci\u00f3n de Datos (<strong><a href=\"http:\/\/www.agpd.es\" target=\"_blank\" rel=\"noopener\" title=\"\">www.agpd.es<\/a><\/strong>).<\/p>\n\n\n\n<p class=\"has-text-color has-link-color wp-elements-458c9c79417d2203207781f8f588023c\" style=\"color:#7aacac;font-size:24px\">Derecho de Supresi\u00f3n de los datos:<\/p>\n\n\n\n<p>El interesado tendr\u00e1 derecho a que el Responsable suprima sus datos, cuando:<\/p>\n\n\n\n<ul class=\"wp-block-list\">\n<li>El tratamiento sea il\u00edcito.<\/li>\n\n\n\n<li>El interesado haya retirado su consentimiento.<\/li>\n\n\n\n<li>Ya no sean necesarios en relaci\u00f3n con los fines para los que fueron recogidos o tratados.<\/li>\n\n\n\n<li>El interesado haya ejercido el derecho de oposici\u00f3n y no prevalezcan otros motivos leg\u00edtimos para el tratamiento.<\/li>\n\n\n\n<li>Los datos deban suprimirse por cumplir una obligaci\u00f3n jur\u00eddica del Responsable<\/li>\n<\/ul>\n\n\n\n<p>El interesado no tendr\u00e1 derecho a que el Responsable suprima sus datos cuando el tratamiento sea necesario:<\/p>\n\n\n\n<ul class=\"wp-block-list\">\n<li>Para ejercer el derecho a la libertad de expresi\u00f3n e informaci\u00f3n.<\/li>\n\n\n\n<li>Para cumplir una obligaci\u00f3n jur\u00eddica del Responsable.<\/li>\n\n\n\n<li>Para la formulaci\u00f3n, ejercicio o defensa de reclamaciones.<\/li>\n\n\n\n<li>Para inter\u00e9s p\u00fablico fundamentado en la legislaci\u00f3n vigente por razones de salud p\u00fablica o para fines de investigaci\u00f3n hist\u00f3rica, estad\u00edstica o cient\u00edfica.<\/li>\n<\/ul>\n\n\n\n<p class=\"has-text-color has-link-color wp-elements-dd638771f7349a91825454466594e521\" style=\"color:#7aacac;font-size:24px\">Derecho de Portabilidad de los datos:<\/p>\n\n\n\n<p>Tiene derecho a que el Responsable transmita sus datos a otro Responsable del tratamiento o al propio interesado, mediante un formato estructurado de uso habitual y lectura mec\u00e1nica, cuando el tratamiento se efect\u00fae por medios automatizados y se base en:<\/p>\n\n\n\n<ul class=\"wp-block-list\">\n<li>El consentimiento del interesado para fines espec\u00edficos.<\/li>\n\n\n\n<li>La ejecuci\u00f3n de un contrato o precontrato con el interesado.<\/li>\n\n\n\n<li>El derecho a la portabilidad de datos no se aplicar\u00e1 cuando:<\/li>\n\n\n\n<li>Sea t\u00e9cnicamente imposible la transmisi\u00f3n.<\/li>\n\n\n\n<li>Puedan afectar negativamente a los derechos y libertades de terceros.<\/li>\n\n\n\n<li>El tratamiento tenga una misi\u00f3n de inter\u00e9s p\u00fablico fundamentado en la legislaci\u00f3n vigente.<\/li>\n<\/ul>\n\n\n\n<p class=\"has-text-color has-link-color wp-elements-2ffe93a25ac88393f2d2dc112ba37789\" style=\"color:#7aacac;font-size:24px\">Derecho de Limitaci\u00f3n del tratamiento:<\/p>\n\n\n\n<p>El interesado tendr\u00e1 derecho a oponerse al tratamiento de sus datos realizado por el Responsable por motivos relacionados con su situaci\u00f3n particular, cuando el tratamiento se base en:<\/p>\n\n\n\n<ul class=\"wp-block-list\">\n<li>Marketing directo.<\/li>\n\n\n\n<li>Elaboraci\u00f3n de perfiles.<\/li>\n\n\n\n<li>Inter\u00e9s leg\u00edtimo del Responsable o terceros, siempre que no prevalezcan los intereses o los derechos y libertades del interesado, especialmente si es un ni\u00f1o.<\/li>\n\n\n\n<li>Investigaci\u00f3n hist\u00f3rica, estad\u00edstica o cient\u00edfica, salvo que el tratamiento sea necesario por motivos de inter\u00e9s p\u00fablico.<\/li>\n<\/ul>\n\n\n\n<p>Aunque el interesado se oponga al tratamiento de sus datos, el Responsable podr\u00e1 seguir trat\u00e1ndolos siempre que el inter\u00e9s leg\u00edtimo del Responsable imperio sobre los intereses o los derechos y libertades del interesado en un procedimiento judicial que lo justifique.<\/p>\n\n\n\n<p>El Responsable deber\u00e1 informar al interesado del derecho a oponerse al tratamiento de sus datos de manera expl\u00edcita, clara y separada de cualquier otra informaci\u00f3n, al momento de la primera comunicaci\u00f3n.<\/p>\n\n\n\n<p class=\"has-text-color has-link-color wp-elements-7de10e0910d51062e9e1d283febcf641\" style=\"color:#7aacac;font-size:24px\">Derecho de oposici\u00f3n:<\/p>\n\n\n\n<p>Es el derecho a que no se lleve a cabo el tratamiento de estos o se cese en el mismo cuando no sea necesario su consentimiento para el tratamiento, por la concurrencia de un motivo leg\u00edtimo y fundado, referido a su concreta situaci\u00f3n personal, que lo justifique, y siempre que una Ley no disponga lo contrario.<\/p>\n\n\n\n<p class=\"has-text-color has-link-color wp-elements-19551332312ed72602ece3141726e19c\" style=\"color:#7aacac;font-size:24px\">Derecho a no ser objeto de una elaboraci\u00f3n de perfiles:<\/p>\n\n\n\n<p>El interesado tendr\u00e1 derecho a no ser objeto de una elaboraci\u00f3n de perfiles cuya finalidad sea adoptar decisiones individuales basadas en un tratamiento automatizado de datos y destinadas a evaluar, analizar o predecir los siguientes aspectos personales:<\/p>\n\n\n\n<ul class=\"wp-block-list\">\n<li>Rendimiento profesional.<\/li>\n\n\n\n<li>Situaci\u00f3n econ\u00f3mica.<\/li>\n\n\n\n<li>Preferencias o intereses personales.<\/li>\n\n\n\n<li>Ubicaci\u00f3n o movimientos de la persona.<\/li>\n<\/ul>\n\n\n\n<p>Cuando la elaboraci\u00f3n de perfiles se base \u00fanicamente en un tratamiento automatizado:<\/p>\n\n\n\n<ul class=\"wp-block-list\">\n<li>El interesado tendr\u00e1 derecho a estar informado si la decisi\u00f3n que pueda ser tomada pueda producirle efectos jur\u00eddicos que le afecten significativamente.<\/li>\n\n\n\n<li>El interesado tendr\u00e1 derecho a obtener la intervenci\u00f3n humana por parte del Responsable, a expresar su punto de vista y en impugnar la decisi\u00f3n, si el tratamiento ha sido autorizado mediante:<\/li>\n\n\n\n<li>Un contrato entre el Responsable y el interesado.<\/li>\n\n\n\n<li>El consentimiento expl\u00edcito del interesado.<\/li>\n<\/ul>\n\n\n\n<p>No se aplicar\u00e1 el derecho a no ser objeto de una elaboraci\u00f3n de perfiles cuando la decisi\u00f3n que pueda ser tomada a consecuencia de la misma est\u00e9 autorizada mediante:<\/p>\n\n\n\n<ul class=\"wp-block-list\">\n<li>El consentimiento expl\u00edcito del interesado.<\/li>\n\n\n\n<li>Un contrato entre el Responsable y el interesado.<\/li>\n\n\n\n<li>Un tratamiento fundamentado en la legislaci\u00f3n vigente.<\/li>\n<\/ul>\n<\/div><\/div>\n<\/div><\/div>\n","protected":false},"excerpt":{"rendered":"<p>Aviso Legal Responsable del tratamiento de los datos: HOSTAL SES NEGRES S.L.Finalidad del tratamiento: Gesti\u00f3n comercial y administrativa de los servicios, reservas o de la informaci\u00f3n solicitada.Legitimaci\u00f3n del tratamiento: Consentimiento del interesado para facilitar los datos. Relaci\u00f3n contractual Hotel-Cliente.Destinatarios: Los datos que nos facilite ser\u00e1n incorporados a nuestra base de datos y no ser\u00e1n cedidos [&hellip;]<\/p>\n","protected":false},"author":1,"featured_media":0,"parent":0,"menu_order":0,"comment_status":"closed","ping_status":"closed","template":"","meta":{"footnotes":""},"class_list":["post-9798","page","type-page","status-publish","hentry"],"aioseo_notices":[],"_links":{"self":[{"href":"https:\/\/hostalsesnegres.com\/es\/wp-json\/wp\/v2\/pages\/9798","targetHints":{"allow":["GET"]}}],"collection":[{"href":"https:\/\/hostalsesnegres.com\/es\/wp-json\/wp\/v2\/pages"}],"about":[{"href":"https:\/\/hostalsesnegres.com\/es\/wp-json\/wp\/v2\/types\/page"}],"author":[{"embeddable":true,"href":"https:\/\/hostalsesnegres.com\/es\/wp-json\/wp\/v2\/users\/1"}],"replies":[{"embeddable":true,"href":"https:\/\/hostalsesnegres.com\/es\/wp-json\/wp\/v2\/comments?post=9798"}],"version-history":[{"count":4,"href":"https:\/\/hostalsesnegres.com\/es\/wp-json\/wp\/v2\/pages\/9798\/revisions"}],"predecessor-version":[{"id":9886,"href":"https:\/\/hostalsesnegres.com\/es\/wp-json\/wp\/v2\/pages\/9798\/revisions\/9886"}],"wp:attachment":[{"href":"https:\/\/hostalsesnegres.com\/es\/wp-json\/wp\/v2\/media?parent=9798"}],"curies":[{"name":"wp","href":"https:\/\/api.w.org\/{rel}","templated":true}]}}

<div class="wp-block-group"><div class="wp-block-group__inner-container is-layout-constrained wp-block-group-is-layout-constrained">
<h6 class="wp-block-heading has-text-color has-link-color wp-elements-b9c13f60b028d0b04113a45655a8be27" style="color:#7aacac">Aviso Legal</h6>



<div class="wp-block-group"><div class="wp-block-group__inner-container is-layout-constrained wp-block-group-is-layout-constrained">
<p>Responsable del tratamiento de los datos: <strong class="">HOSTAL SES NEGRES S.L.</strong><br><strong>Finalidad del tratamiento</strong>: Gestión comercial y administrativa de los servicios, reservas o de la información solicitada.<br><strong>Legitimación del tratamiento</strong>: Consentimiento del interesado para facilitar los datos. Relación contractual Hotel-Cliente.<br><strong>Destinatarios</strong>: Los datos que nos facilite serán incorporados a nuestra base de datos y no serán cedidos a terceros.<br><strong>Derechos:</strong> Acceder, rectificar y suprimir sus datos, así como los demás derechos previstos por la normativa vigente.<br>Puede ejercer sus derechos en el siguiente enlace: <a href="https://www.aepd.es/derechos-y-deberes/ejerce-tus-derechos" title=""><strong>Ejerce tus Derechos</strong>.</a><br>Si desea más información, consulte nuestra <strong>Política de Privacidad</strong> y nuestra <strong>Política de Cookies</strong><br>Reclamaciones ante la Autoridad de protección de datos: puede dirigir las reclamaciones derivadas del tratamiento de sus datos de carácter personal en la Agencia Española de Protección de Datos (<strong><a href="http://www.agpd.es" target="_blank" rel="noopener" title="">www.agpd.es</a></strong>).</p>



<p class="has-text-color has-link-color wp-elements-458c9c79417d2203207781f8f588023c" style="color:#7aacac;font-size:24px">Derecho de Supresión de los datos:</p>



<p>El interesado tendrá derecho a que el Responsable suprima sus datos, cuando:</p>



<ul class="wp-block-list">
<li>El tratamiento sea ilícito.</li>



<li>El interesado haya retirado su consentimiento.</li>



<li>Ya no sean necesarios en relación con los fines para los que fueron recogidos o tratados.</li>



<li>El interesado haya ejercido el derecho de oposición y no prevalezcan otros motivos legítimos para el tratamiento.</li>



<li>Los datos deban suprimirse por cumplir una obligación jurídica del Responsable</li>
</ul>



<p>El interesado no tendrá derecho a que el Responsable suprima sus datos cuando el tratamiento sea necesario:</p>



<ul class="wp-block-list">
<li>Para ejercer el derecho a la libertad de expresión e información.</li>



<li>Para cumplir una obligación jurídica del Responsable.</li>



<li>Para la formulación, ejercicio o defensa de reclamaciones.</li>



<li>Para interés público fundamentado en la legislación vigente por razones de salud pública o para fines de investigación histórica, estadística o científica.</li>
</ul>



<p class="has-text-color has-link-color wp-elements-dd638771f7349a91825454466594e521" style="color:#7aacac;font-size:24px">Derecho de Portabilidad de los datos:</p>



<p>Tiene derecho a que el Responsable transmita sus datos a otro Responsable del tratamiento o al propio interesado, mediante un formato estructurado de uso habitual y lectura mecánica, cuando el tratamiento se efectúe por medios automatizados y se base en:</p>



<ul class="wp-block-list">
<li>El consentimiento del interesado para fines específicos.</li>



<li>La ejecución de un contrato o precontrato con el interesado.</li>



<li>El derecho a la portabilidad de datos no se aplicará cuando:</li>



<li>Sea técnicamente imposible la transmisión.</li>



<li>Puedan afectar negativamente a los derechos y libertades de terceros.</li>



<li>El tratamiento tenga una misión de interés público fundamentado en la legislación vigente.</li>
</ul>



<p class="has-text-color has-link-color wp-elements-2ffe93a25ac88393f2d2dc112ba37789" style="color:#7aacac;font-size:24px">Derecho de Limitación del tratamiento:</p>



<p>El interesado tendrá derecho a oponerse al tratamiento de sus datos realizado por el Responsable por motivos relacionados con su situación particular, cuando el tratamiento se base en:</p>



<ul class="wp-block-list">
<li>Marketing directo.</li>



<li>Elaboración de perfiles.</li>



<li>Interés legítimo del Responsable o terceros, siempre que no prevalezcan los intereses o los derechos y libertades del interesado, especialmente si es un niño.</li>



<li>Investigación histórica, estadística o científica, salvo que el tratamiento sea necesario por motivos de interés público.</li>
</ul>



<p>Aunque el interesado se oponga al tratamiento de sus datos, el Responsable podrá seguir tratándolos siempre que el interés legítimo del Responsable imperio sobre los intereses o los derechos y libertades del interesado en un procedimiento judicial que lo justifique.</p>



<p>El Responsable deberá informar al interesado del derecho a oponerse al tratamiento de sus datos de manera explícita, clara y separada de cualquier otra información, al momento de la primera comunicación.</p>



<p class="has-text-color has-link-color wp-elements-7de10e0910d51062e9e1d283febcf641" style="color:#7aacac;font-size:24px">Derecho de oposición:</p>



<p>Es el derecho a que no se lleve a cabo el tratamiento de estos o se cese en el mismo cuando no sea necesario su consentimiento para el tratamiento, por la concurrencia de un motivo legítimo y fundado, referido a su concreta situación personal, que lo justifique, y siempre que una Ley no disponga lo contrario.</p>



<p class="has-text-color has-link-color wp-elements-19551332312ed72602ece3141726e19c" style="color:#7aacac;font-size:24px">Derecho a no ser objeto de una elaboración de perfiles:</p>



<p>El interesado tendrá derecho a no ser objeto de una elaboración de perfiles cuya finalidad sea adoptar decisiones individuales basadas en un tratamiento automatizado de datos y destinadas a evaluar, analizar o predecir los siguientes aspectos personales:</p>



<ul class="wp-block-list">
<li>Rendimiento profesional.</li>



<li>Situación económica.</li>



<li>Preferencias o intereses personales.</li>



<li>Ubicación o movimientos de la persona.</li>
</ul>



<p>Cuando la elaboración de perfiles se base únicamente en un tratamiento automatizado:</p>



<ul class="wp-block-list">
<li>El interesado tendrá derecho a estar informado si la decisión que pueda ser tomada pueda producirle efectos jurídicos que le afecten significativamente.</li>



<li>El interesado tendrá derecho a obtener la intervención humana por parte del Responsable, a expresar su punto de vista y en impugnar la decisión, si el tratamiento ha sido autorizado mediante:</li>



<li>Un contrato entre el Responsable y el interesado.</li>



<li>El consentimiento explícito del interesado.</li>
</ul>



<p>No se aplicará el derecho a no ser objeto de una elaboración de perfiles cuando la decisión que pueda ser tomada a consecuencia de la misma esté autorizada mediante:</p>



<ul class="wp-block-list">
<li>El consentimiento explícito del interesado.</li>



<li>Un contrato entre el Responsable y el interesado.</li>



<li>Un tratamiento fundamentado en la legislación vigente.</li>
</ul>
</div></div>
</div></div>

<p>Aviso Legal Responsable del tratamiento de los datos: HOSTAL SES NEGRES S.L.Finalidad del tratamiento: Gestión comercial y administrativa de los servicios, reservas o de la información solicitada.Legitimación del tratamiento: Consentimiento del interesado para facilitar los datos. Relación contractual Hotel-Cliente.Destinatarios: Los datos que nos facilite serán incorporados a nuestra base de datos y no serán cedidos [&hellip;]</p>
